{"id":132,"date":"2013-09-30T11:18:41","date_gmt":"2013-09-30T10:18:41","guid":{"rendered":"http:\/\/www.stopaccidentes.cat\/?page_id=132"},"modified":"2021-09-13T12:00:58","modified_gmt":"2021-09-13T11:00:58","slug":"avis-papis-ara-us-educo-jo","status":"publish","type":"page","link":"https:\/\/www.florsprat.com\/stop1qt\/avis-papis-ara-us-educo-jo\/","title":{"rendered":"Tallers de Mobilitat Segura adre\u00e7at a escoles"},"content":{"rendered":"<p><span style=\"font-weight: 400;\">Un dels pilars fonamentals per disminuir el nombre de sinistres viaris i de v\u00edctimes \u00e9s l&#8217;<\/span><b>educaci\u00f3 vi\u00e0ria.<\/b><span style=\"font-weight: 400;\"> Per aix\u00f2 proposem aquestes xerrades participatives a les escoles i adre\u00e7ades als alumnes de totes les edats.<\/span><\/p>\n<p><b><a href=\"https:\/\/www.stopaccidentes.cat\/wp-content\/uploads\/2021\/08\/infantil-groc.png\"><img loading=\"lazy\" decoding=\"async\" class=\"wp-image-4255 alignleft\" src=\"https:\/\/www.stopaccidentes.cat\/wp-content\/uploads\/2021\/08\/infantil-groc-300x244.png\" alt=\"\" width=\"176\" height=\"143\" srcset=\"https:\/\/www.florsprat.com\/stop1qt\/wp-content\/uploads\/2021\/08\/infantil-groc-300x244.png 300w, https:\/\/www.florsprat.com\/stop1qt\/wp-content\/uploads\/2021\/08\/infantil-groc.png 604w\" sizes=\"auto, (max-width: 176px) 100vw, 176px\" \/><\/a> EDUCACI\u00d3 INFANTIL: P3, P4 i P5<\/b><\/p>\n<p><b>Visibles i segurs.<\/b><span style=\"font-weight: 400;\">&nbsp;Aquest taller participatiu t\u00e9 com a finalitat explicar com moure\u2019ns segurs, insistint la import\u00e0ncia de fer-nos m\u00e9s visibles quan ens desplacem. En aquest taller desenvoluparem diversos jocs que ajuden a aprendre a circular de manera segura. <\/span><\/p>\n<p><b><img loading=\"lazy\" decoding=\"async\" class=\"wp-image-4247 alignleft\" src=\"https:\/\/www.stopaccidentes.cat\/wp-content\/uploads\/2021\/08\/Avispapis.png\" alt=\"\" width=\"178\" height=\"216\">EDUCACI\u00d3 PRIM\u00c0RIA: 1r, 2n, 3r, 4t, 5\u00e8 i 6\u00e8 <\/b><\/p>\n<p><b>Avis,papis&#8230; ara us educo jo!<\/b><span style=\"font-weight: 400;\"> Xerrada de reflexi\u00f3 a alumnes de prim\u00e0ria sobre les actituds de risc que provoquen conseq\u00fc\u00e8ncies evitables, com les de patir un accident de tr\u00e0nsit. Es fa una presentaci\u00f3 en la qual es facilita la interacci\u00f3 i participaci\u00f3 amb l\u2019alumnat. Aquesta es combinar\u00e0 amb una activitat pr\u00e0ctica de reflexi\u00f3 grupal.&nbsp;<\/span><\/p>\n<p>&nbsp;<\/p>\n<p><b><a href=\"https:\/\/www.stopaccidentes.cat\/wp-content\/uploads\/2021\/08\/Logo-instituts.png\"><img loading=\"lazy\" decoding=\"async\" class=\"wp-image-4258 alignleft\" src=\"https:\/\/www.stopaccidentes.cat\/wp-content\/uploads\/2021\/08\/Logo-instituts-300x197.png\" alt=\"\" width=\"176\" height=\"116\" srcset=\"https:\/\/www.florsprat.com\/stop1qt\/wp-content\/uploads\/2021\/08\/Logo-instituts-300x197.png 300w, https:\/\/www.florsprat.com\/stop1qt\/wp-content\/uploads\/2021\/08\/Logo-instituts.png 741w\" sizes=\"auto, (max-width: 176px) 100vw, 176px\" \/> <\/a><\/b><b>EDUCACI\u00d3 SECUND\u00c0RIA: ESO, Batxillerat i Formacions Professionals. <\/b><\/p>\n<p><b>Aprenent a conduir i a viure.<\/b><span style=\"font-weight: 400;\">&nbsp;Formacions de sensibilitzaci\u00f3 enfocades a la prevenci\u00f3 d\u2019accidents des de la visi\u00f3 de les v\u00edctimes del tr\u00e0nsit. Cadascuna de les sessions s\u2019adapta a cada col\u00b7lectiu espec\u00edfic que participi. L\u2019objectiu \u00e9s la transmissi\u00f3 de valors favorables a la prevenci\u00f3 d\u2019accidents, fomentant un debat actiu sobre la import\u00e0ncia del factor hum\u00e0 en la causalitat dels accidents.<\/span><\/p>\n<p><b><a href=\"https:\/\/www.stopaccidentes.cat\/wp-content\/uploads\/2021\/08\/DOL-CAT.png\"><img loading=\"lazy\" decoding=\"async\" class=\"wp-image-4260 alignleft\" src=\"https:\/\/www.stopaccidentes.cat\/wp-content\/uploads\/2021\/08\/DOL-CAT-300x300.png\" alt=\"\" width=\"176\" height=\"176\" srcset=\"https:\/\/www.florsprat.com\/stop1qt\/wp-content\/uploads\/2021\/08\/DOL-CAT-300x300.png 300w, https:\/\/www.florsprat.com\/stop1qt\/wp-content\/uploads\/2021\/08\/DOL-CAT-1024x1024.png 1024w, https:\/\/www.florsprat.com\/stop1qt\/wp-content\/uploads\/2021\/08\/DOL-CAT-150x150.png 150w, https:\/\/www.florsprat.com\/stop1qt\/wp-content\/uploads\/2021\/08\/DOL-CAT-768x768.png 768w, https:\/\/www.florsprat.com\/stop1qt\/wp-content\/uploads\/2021\/08\/DOL-CAT.png 1080w\" sizes=\"auto, (max-width: 176px) 100vw, 176px\" \/><\/a> EQUIPS EDUCATIUS i AFAS (Associaci\u00f3 de Fam\u00edlies d&#8217;alumnes):<\/b><\/p>\n<p><b>Gesti\u00f3 del dol a les escoles.<\/b><span style=\"font-weight: 400;\"> Formacions din\u00e0miques adre\u00e7ades als equips educatius dels centres escolars i AFAS, a partir de la nostra experi\u00e8ncia, per afrontar possibles situacions traum\u00e0tiques viscudes en un sinistre viari.<\/span><\/p>\n<p>&nbsp;<\/p>\n<p><span style=\"font-weight: 400;\">Si formes part de l&#8217;equip educatiu d&#8217;una escola&nbsp; i t&#8217;interessa participar en alguna de les nostres activitats, posa&#8217;t en contacte en nosaltres al <\/span><b>93 245 40 48 <\/b><span style=\"font-weight: 400;\">o b\u00e9 escriu a: <a href=\"mailto:pr*******@************es.cat\" data-original-string=\"hK0VFwt+FsJt1cPFEj9k5A==735UCgFvm6HOJL5ZReVFR6BVw5\/B7KhS35kb0y+o0cxuKc=\" title=\"This contact has been encoded by Anti-Spam by CleanTalk. Click to decode. To finish the decoding make sure that JavaScript is enabled in your browser.\"><span \n                data-original-string='5NnggNNQZH4GddtTCGv3bA==7354H\/e8DxyeWHAExIUe8yXkSc0TXEzSYqNQjRWG4dpihk='\n                class='apbct-email-encoder'\n                title='This contact has been encoded by Anti-Spam by CleanTalk. Click to decode. To finish the decoding make sure that JavaScript is enabled in your browser.'>pr<span class=\"apbct-blur\">*******<\/span>@<span class=\"apbct-blur\">************<\/span>es.cat<\/span><\/a><\/span><\/p>\n<p>&nbsp;<\/p>","protected":false},"excerpt":{"rendered":"<p>Un dels pilars fonamentals per disminuir el nombre de sinistres viaris i de v\u00edctimes \u00e9s l&#8217;educaci\u00f3 vi\u00e0ria. Per aix\u00f2 proposem aquestes xerrades participatives a les escoles i adre\u00e7ades als alumnes de totes les edats. EDUCACI\u00d3 INFANTIL: P3, P4 i P5 Visibles i segurs.&nbsp;Aquest taller participatiu t\u00e9 com a finalitat explicar com moure\u2019ns segurs, insistint la [&hellip;]<\/p>\n<div style='clear:both'><\/div><div  class='the_champ_sharing_container the_champ_horizontal_sharing' data-super-socializer-href=\"https:\/\/www.florsprat.com\/stop1qt\/avis-papis-ara-us-educo-jo\/\"><div class='the_champ_sharing_title' style=\"font-weight:bold\" ><\/div><div class=\"the_champ_sharing_ul\"><a aria-label=\"Facebook\" class=\"the_champ_facebook\" href=\"https:\/\/www.facebook.com\/sharer\/sharer.php?u=https%3A%2F%2Fwww.florsprat.com%2Fstop1qt%2Favis-papis-ara-us-educo-jo%2F\" title=\"Facebook\" rel=\"nofollow noopener\" target=\"_blank\" style=\"font-size:24px!important;box-shadow:none;display:inline-block;vertical-align:middle\"><span class=\"the_champ_svg\" style=\"background-color:#0765FE;width:35px;height:35px;border-radius:999px;display:inline-block;opacity:1;float:left;font-size:24px;box-shadow:none;display:inline-block;font-size:16px;padding:0 4px;vertical-align:middle;background-repeat:repeat;overflow:hidden;padding:0;cursor:pointer;box-sizing:content-box\"><svg style=\"display:block;border-radius:999px;\" focusable=\"false\" aria-hidden=\"true\" xmlns=\"http:\/\/www.w3.org\/2000\/svg\" width=\"100%\" height=\"100%\" viewBox=\"0 0 32 32\"><path fill=\"#fff\" d=\"M28 16c0-6.627-5.373-12-12-12S4 9.373 4 16c0 5.628 3.875 10.35 9.101 11.647v-7.98h-2.474V16H13.1v-1.58c0-4.085 1.849-5.978 5.859-5.978.76 0 2.072.15 2.608.298v3.325c-.283-.03-.775-.045-1.386-.045-1.967 0-2.728.745-2.728 2.683V16h3.92l-.673 3.667h-3.247v8.245C23.395 27.195 28 22.135 28 16Z\"><\/path><\/svg><\/span><\/a><a aria-label=\"Twitter\" class=\"the_champ_button_twitter\" href=\"https:\/\/twitter.com\/intent\/tweet?text=%5B%3ACA%5DTallers%20de%20Mobilitat%20Segura%20adre%C3%A7at%20a%20escoles%5B%3Aes%5DTalleres%20de%20Movilidad%20Segura%20dirigido%20a%20escuelas%5B%3A%5D&url=https%3A%2F%2Fwww.florsprat.com%2Fstop1qt%2Favis-papis-ara-us-educo-jo%2F\" title=\"Twitter\" rel=\"nofollow noopener\" target=\"_blank\" style=\"font-size:24px!important;box-shadow:none;display:inline-block;vertical-align:middle\"><span class=\"the_champ_svg the_champ_s__default the_champ_s_twitter\" style=\"background-color:#55acee;width:35px;height:35px;border-radius:999px;display:inline-block;opacity:1;float:left;font-size:24px;box-shadow:none;display:inline-block;font-size:16px;padding:0 4px;vertical-align:middle;background-repeat:repeat;overflow:hidden;padding:0;cursor:pointer;box-sizing:content-box\"><svg style=\"display:block;border-radius:999px;\" focusable=\"false\" aria-hidden=\"true\" xmlns=\"http:\/\/www.w3.org\/2000\/svg\" width=\"100%\" height=\"100%\" viewBox=\"-4 -4 39 39\"><path d=\"M28 8.557a9.913 9.913 0 0 1-2.828.775 4.93 4.93 0 0 0 2.166-2.725 9.738 9.738 0 0 1-3.13 1.194 4.92 4.92 0 0 0-3.593-1.55 4.924 4.924 0 0 0-4.794 6.049c-4.09-.21-7.72-2.17-10.15-5.15a4.942 4.942 0 0 0-.665 2.477c0 1.71.87 3.214 2.19 4.1a4.968 4.968 0 0 1-2.23-.616v.06c0 2.39 1.7 4.38 3.952 4.83-.414.115-.85.174-1.297.174-.318 0-.626-.03-.928-.086a4.935 4.935 0 0 0 4.6 3.42 9.893 9.893 0 0 1-6.114 2.107c-.398 0-.79-.023-1.175-.068a13.953 13.953 0 0 0 7.55 2.213c9.056 0 14.01-7.507 14.01-14.013 0-.213-.005-.426-.015-.637.96-.695 1.795-1.56 2.455-2.55z\" fill=\"#fff\"><\/path><\/svg><\/span><\/a><a aria-label=\"Pinterest\" class=\"the_champ_button_pinterest\" href=\"https:\/\/www.florsprat.com\/stop1qt\/avis-papis-ara-us-educo-jo\/\" onclick=\"event.preventDefault();javascript:void((function(){var e=document.createElement('script');e.setAttribute('type','text\/javascript');e.setAttribute('charset','UTF-8');e.setAttribute('src','\/\/assets.pinterest.com\/js\/pinmarklet.js?r='+Math.random()*99999999);document.body.appendChild(e)})());\" title=\"Pinterest\" rel=\"noopener\" style=\"font-size:24px!important;box-shadow:none;display:inline-block;vertical-align:middle\"><span class=\"the_champ_svg the_champ_s__default the_champ_s_pinterest\" style=\"background-color:#cc2329;width:35px;height:35px;border-radius:999px;display:inline-block;opacity:1;float:left;font-size:24px;box-shadow:none;display:inline-block;font-size:16px;padding:0 4px;vertical-align:middle;background-repeat:repeat;overflow:hidden;padding:0;cursor:pointer;box-sizing:content-box\"><svg style=\"display:block;border-radius:999px;\" focusable=\"false\" aria-hidden=\"true\" xmlns=\"http:\/\/www.w3.org\/2000\/svg\" width=\"100%\" height=\"100%\" viewBox=\"-2 -2 35 35\"><path fill=\"#fff\" d=\"M16.539 4.5c-6.277 0-9.442 4.5-9.442 8.253 0 2.272.86 4.293 2.705 5.046.303.125.574.005.662-.33.061-.231.205-.816.27-1.06.088-.331.053-.447-.191-.736-.532-.627-.873-1.439-.873-2.591 0-3.338 2.498-6.327 6.505-6.327 3.548 0 5.497 2.168 5.497 5.062 0 3.81-1.686 7.025-4.188 7.025-1.382 0-2.416-1.142-2.085-2.545.397-1.674 1.166-3.48 1.166-4.689 0-1.081-.581-1.983-1.782-1.983-1.413 0-2.548 1.462-2.548 3.419 0 1.247.421 2.091.421 2.091l-1.699 7.199c-.505 2.137-.076 4.755-.039 5.019.021.158.223.196.314.077.13-.17 1.813-2.247 2.384-4.324.162-.587.929-3.631.929-3.631.46.876 1.801 1.646 3.227 1.646 4.247 0 7.128-3.871 7.128-9.053.003-3.918-3.317-7.568-8.361-7.568z\"\/><\/svg><\/span><\/a><a aria-label=\"Whatsapp\" class=\"the_champ_whatsapp\" href=\"https:\/\/api.whatsapp.com\/send?text=%5B%3ACA%5DTallers%20de%20Mobilitat%20Segura%20adre%C3%A7at%20a%20escoles%5B%3Aes%5DTalleres%20de%20Movilidad%20Segura%20dirigido%20a%20escuelas%5B%3A%5D https%3A%2F%2Fwww.florsprat.com%2Fstop1qt%2Favis-papis-ara-us-educo-jo%2F\" title=\"Whatsapp\" rel=\"nofollow noopener\" target=\"_blank\" style=\"font-size:24px!important;box-shadow:none;display:inline-block;vertical-align:middle\"><span class=\"the_champ_svg\" style=\"background-color:#55eb4c;width:35px;height:35px;border-radius:999px;display:inline-block;opacity:1;float:left;font-size:24px;box-shadow:none;display:inline-block;font-size:16px;padding:0 4px;vertical-align:middle;background-repeat:repeat;overflow:hidden;padding:0;cursor:pointer;box-sizing:content-box\"><svg style=\"display:block;border-radius:999px;\" focusable=\"false\" aria-hidden=\"true\" xmlns=\"http:\/\/www.w3.org\/2000\/svg\" width=\"100%\" height=\"100%\" viewBox=\"-6 -5 40 40\"><path class=\"the_champ_svg_stroke the_champ_no_fill\" stroke=\"#fff\" stroke-width=\"2\" fill=\"none\" d=\"M 11.579798566743314 24.396926207859085 A 10 10 0 1 0 6.808479557110079 20.73576436351046\"><\/path><path d=\"M 7 19 l -1 6 l 6 -1\" class=\"the_champ_no_fill the_champ_svg_stroke\" stroke=\"#fff\" stroke-width=\"2\" fill=\"none\"><\/path><path d=\"M 10 10 q -1 8 8 11 c 5 -1 0 -6 -1 -3 q -4 -3 -5 -5 c 4 -2 -1 -5 -1 -4\" fill=\"#fff\"><\/path><\/svg><\/span><\/a><a aria-label=\"Instagram\" class=\"the_champ_button_instagram\" href=\"https:\/\/www.instagram.com\/\" title=\"Instagram\" rel=\"nofollow noopener\" target=\"_blank\" style=\"font-size:24px!important;box-shadow:none;display:inline-block;vertical-align:middle\"><span class=\"the_champ_svg\" style=\"background-color:#53beee;width:35px;height:35px;border-radius:999px;display:inline-block;opacity:1;float:left;font-size:24px;box-shadow:none;display:inline-block;font-size:16px;padding:0 4px;vertical-align:middle;background-repeat:repeat;overflow:hidden;padding:0;cursor:pointer;box-sizing:content-box\"><svg style=\"display:block;border-radius:999px;\" version=\"1.1\" viewBox=\"-10 -10 148 148\" width=\"100%\" height=\"100%\" xml:space=\"preserve\" xmlns=\"http:\/\/www.w3.org\/2000\/svg\" xmlns:xlink=\"http:\/\/www.w3.org\/1999\/xlink\"><g><g><path d=\"M86,112H42c-14.336,0-26-11.663-26-26V42c0-14.337,11.664-26,26-26h44c14.337,0,26,11.663,26,26v44 C112,100.337,100.337,112,86,112z M42,24c-9.925,0-18,8.074-18,18v44c0,9.925,8.075,18,18,18h44c9.926,0,18-8.075,18-18V42 c0-9.926-8.074-18-18-18H42z\" fill=\"#fff\"><\/path><\/g><g><path d=\"M64,88c-13.234,0-24-10.767-24-24c0-13.234,10.766-24,24-24s24,10.766,24,24C88,77.233,77.234,88,64,88z M64,48c-8.822,0-16,7.178-16,16s7.178,16,16,16c8.822,0,16-7.178,16-16S72.822,48,64,48z\" fill=\"#fff\"><\/path><\/g><g><circle cx=\"89.5\" cy=\"38.5\" fill=\"#fff\" r=\"5.5\"><\/circle><\/g><\/g><\/svg><\/span><\/a><a aria-label=\"Facebook Like\" style=\"padding:7.35px 0 !important\" class=\"the_champ_facebook_like\"><div class=\"fb-like\" data-href=\"https:\/\/www.florsprat.com\/stop1qt\/avis-papis-ara-us-educo-jo\/\" data-layout=\"button\" data-action=\"like\" data-show-faces=\"false\" data-share=\"false\"><\/div><\/a><a style=\"font-size:24px!important;box-shadow:none;display:inline-block!important;font-size: 16px;padding: 0 4px;vertical-align:middle;display:inline;\" class=\"theChampSharingRound\"><div style=\"width:35px;height:35px;border-radius:999px;margin-left:9px !important;\" title=\"Total Shares\" class=\"theChampSharing theChampTCBackground\"><\/div><\/a><\/div><\/div><div style='clear:both'><\/div>","protected":false},"author":2,"featured_media":0,"parent":0,"menu_order":1,"comment_status":"closed","ping_status":"closed","template":"","meta":{"footnotes":""},"class_list":["post-132","page","type-page","status-publish","hentry"],"blocksy_meta":[],"_links":{"self":[{"href":"https:\/\/www.florsprat.com\/stop1qt\/wp-json\/wp\/v2\/pages\/132","targetHints":{"allow":["GET"]}}],"collection":[{"href":"https:\/\/www.florsprat.com\/stop1qt\/wp-json\/wp\/v2\/pages"}],"about":[{"href":"https:\/\/www.florsprat.com\/stop1qt\/wp-json\/wp\/v2\/types\/page"}],"author":[{"embeddable":true,"href":"https:\/\/www.florsprat.com\/stop1qt\/wp-json\/wp\/v2\/users\/2"}],"replies":[{"embeddable":true,"href":"https:\/\/www.florsprat.com\/stop1qt\/wp-json\/wp\/v2\/comments?post=132"}],"version-history":[{"count":50,"href":"https:\/\/www.florsprat.com\/stop1qt\/wp-json\/wp\/v2\/pages\/132\/revisions"}],"predecessor-version":[{"id":4410,"href":"https:\/\/www.florsprat.com\/stop1qt\/wp-json\/wp\/v2\/pages\/132\/revisions\/4410"}],"wp:attachment":[{"href":"https:\/\/www.florsprat.com\/stop1qt\/wp-json\/wp\/v2\/media?parent=132"}],"curies":[{"name":"wp","href":"https:\/\/api.w.org\/{rel}","templated":true}]}}